0143?
9
What is the highest common factor of 47138 and 42?
14
Calculate the highest common divisor of 69440 and 210.
70
Calculate the greatest common factor of 274914 and 162.
162
Calculate the greatest common divisor of 120 and 542550.
30
Calculate the highest common divisor of 26850 and 138.
6
Calculate the greatest common factor of 35 and 132538.
7
Calculate the highest common factor of 21080 and 45730.
170
Calculate the highest common divisor of 4826 and 1406.
38
What is the highest common factor of 14 and 144046?
14
What is the greatest common divisor of 1034910 and 54?
54
What is the greatest common divisor of 27313 and 25597?
143
Calculate the greatest common factor of 3208 and 11629.
401
What is the highest common factor of 47464 and 1448?
8
Calculate the highest common divisor of 501 and 95023.
167
Calculate the greatest common divisor of 81942 and 273.
21
Calculate the greatest common factor of 109890 and 8250.
330
Calculate the highest common factor of 9626074 and 1114.
1114
What is the highest common factor of 131 and 2101371?
131
Calculate the greatest common factor of 259797 and 3.
3
What is the greatest common divisor of 36 and 554184?
36
What is the greatest common factor of 107570 and 20?
10
Calculate the highest common divisor of 26 and 13598.
26
What is the greatest common factor of 2134 and 728761?
1067
What is the greatest common factor of 10155 and 195?
15
What is the greatest common divisor of 28 and 26084?
4
What is the highest common divisor of 318 and 369?
3
What is the greatest common factor of 252242 and 58?
58
What is the greatest common divisor of 7742480 and 1360?
1360
What is the highest common factor of 20070 and 135?
45
Calculate the highest common divisor of 105 and 241059.
21
Calculate the highest common divisor of 30 and 1929.
3
Calculate the highest common factor of 120 and 1863900.
60
Calculate the highest common divisor of 70 and 8595.
5
Calculate the greatest common divisor of 274079 and 26.
13
What is the highest common factor of 1843853 and 11?
11
What is the highest common divisor of 679917 and 273?
21
What is the greatest common factor of 81 and 19611?
9
What is the greatest common divisor of 19504 and 1007?
53
Calculate the greatest common factor of 48 and 223023.
3
What is the greatest common divisor of 11877 and 1391?
107
Calculate the greatest common factor of 893 and 16853.
19
Calculate the highest common divisor of 49 and 2548441.
49
What is the highest common divisor of 148 and 2132162?
74
Calculate the highest common factor of 696 and 45588.
348
Calculate the highest common factor of 310 and 269855.
155
What is the highest common divisor of 5856 and 224?
32
Calculate the highest common factor of 38 and 2538.
2
What is the greatest common divisor of 760383 and 9?
9
Calculate the greatest common divisor of 798504 and 873.
291
Calculate the highest common divisor of 2535 and 6.
3
Calculate the greatest common divisor of 1520668 and 276.
92
Calculate the greatest common divisor of 1514 and 1284629.
757
Calculate the highest common factor of 459459 and 1105.
221
What is the greatest common factor of 34979 and 399?
133
What is the greatest common divisor of 117506 and 164?
82
Calculate the highest common factor of 41075 and 403.
31
Calculate the greatest common factor of 87 and 1275.
3
Calculate the highest common divisor of 18148 and 75384.
1396
What is the highest common divisor of 144 and 30582?
18
What is the greatest common divisor of 352751 and 116123?
2191
Calculate the highest common divisor of 77 and 16841.
11
Calculate the highest common factor of 489 and 33904.
163
What is the greatest common factor of 73 and 227687?
73
Calculate the highest common divisor of 611508 and 7391.
389
What is the greatest common divisor of 37440 and 2028?
156
What is the greatest common factor of 8120 and 3640?
280
What is the highest common factor of 28889 and 7?
7
What is the highest common divisor of 182049 and 42?
21
Calculate the greatest common factor of 21000 and 1568.
56
What is the greatest common factor of 2711140 and 1415?
1415
Calculate the greatest common divisor of 1203616 and 696.
232
Calculate the highest common divisor of 390 and 73242.
78
What is the highest common divisor of 39572 and 65?
13
Calculate the greatest common divisor of 356 and 1056.
4
What is the greatest common factor of 10452 and 40468?
268
Calculate the highest common divisor of 138 and 4488.
6
What is the highest common factor of 7111 and 76033?
547
Calculate the greatest common factor of 108585 and 114.
57
Calculate the highest common divisor of 3047 and 2167.
11
Calculate the greatest common divisor of 576635 and 5.
5
Calculate the greatest common factor of 90 and 384.
6
What is the greatest common divisor of 22802 and 52?
26
Calculate the greatest common divisor of 22 and 725791.
11
Calculate the highest common factor of 509750 and 40.
10
What is the highest common divisor of 16983 and 951?
3
What is the highest common divisor of 5184 and 183384?
648
Calculate the highest common factor of 14 and 21162.
2
What is the greatest common divisor of 682 and 2354?
22
What is the greatest common divisor of 774 and 9116?
86
Calculate the greatest common factor of 135408 and 11739.
273
What is the highest common divisor of 2435 and 5107169?
487
What is the greatest common divisor of 2579726 and 46?
46
Calculate the highest common divisor of 679420 and 460.
460
What is the highest common factor of 1188 and 2728?
44
What is the highest common divisor of 316600 and 200?
200
Calculate the greatest common divisor of 500407 and 83.
83
What is the greatest common factor of 1440 and 44860?
20
Calculate the highest common factor of 37405 and 80.
5
What is the greatest common factor of 16 and 140984?
8
Calculate the highest common divisor of 57192 and 184.
8
Calculate the highest common divisor of 3751 and 187.
11
Calculate the greatest common divisor of 90 and 1612116.
18
Calculate the highest common divisor of 11 and 14524532.
11
Calculate the greatest common divisor of 68812 and 4.
4
What is the greatest common divisor of 124 and 65596?
124
Calculate the greatest common factor of 327945 and 30.
15
Calculate the highest common factor of 36049 and 91.
13
Calculate the greatest common divisor of 227650 and 50.
50
What is the highest common divisor of 18343 and 747?
83
Calculate the highest common divisor of 2125 and 19380.
85
Calculate the greatest common factor of 159127 and 454.
227
What is the greatest common factor of 10465 and 6923?
161
What is the greatest common divisor of 403 and 13169?
13
Calculate the greatest common factor of 128250 and 97983.
513
What is the greatest common divisor of 432 and 83984?
16
Calculate the highest common factor of 432 and 31590.
54
What is the greatest common divisor of 7965 and 540?
135
Calculate the highest common divisor of 6 and 101097.
3
Calculate the greatest common factor of 1240 and 366.
2
What is the highest common factor of 5305931 and 67?
67
Calculate the highest common factor of 5308 and 20.
4
What is the highest common factor of 29 and 3256642?
29
Calculate the greatest common factor of 183658 and 458.
458
What is the highest common factor of 399 and 20007?
57
What is the greatest common divisor of 39149 and 11?
11
Calculate the highest common factor of 407 and 45441.
11
What is the highest common factor of 7918 and 21828?
214
What is the highest common factor of 225 and 711?
9
Calculate the highest common factor of 1789347 and 834.
417
Calculate the highest common factor of 2320 and 33872.
464
Calculate the greatest common divisor of 306 and 113203.
17
What is the highest common divisor of 364 and 1652?
28
What is the highest common divisor of 682 and 21111?
31
Calculate the highest common factor of 1247397 and 6.
3
What is the greatest common divisor of 82 and 782321?
41
What is the highest common factor of 87 and 13804?
29
What is the greatest common divisor of 14484232 and 28?
28
What is the highest common divisor of 848 and 353?
1
Calculate the highest common factor of 5546 and 1534.
118
What is the greatest common divisor of 13 and 1722383?
13
What is the highest common divisor of 1220 and 190?
10
What is the greatest common factor of 310282 and 9065?
259
Calculate the greatest 